 4 - 0 - (3 - -2) - -3.
2
What is the value of 3 + -2 + -1 + 4?
4
Evaluate (-8 - (1 - 6)) + -2.
-5
What is (-2 - (1 - 12 - -1)) + -6?
2
What is 91 + -87 - (2 - (0 + 1))?
3
Calculate -6 + 12 + -2 - (-4 + 3).
5
Calculate (-43 - -46) + -2 + 1 + 2.
4
What is the value of -8 + (0 - -2 - 0)?
-6
What is 1 - -2 - 1 - (-1 + -1)?
4
What is the value of (-1 - 5) + (-2 - 0 - 2)?
-10
What is the value of (-5 - (2 - (1 + 4))) + 4?
2
Evaluate (12 - 1) + -15 + 9.
5
-37 + 26 - (1 - 9)
-3
What is 1 - 7 - (-16 + 12)?
-2
2 - (-23 + 11 + 9)
5
Evaluate 40 + -50 - (-9 + 1).
-2
Calculate 2 + -6 + 4 - -3.
3
(1 - 1) + -9 + 9 + -1
-1
Evaluate 1 + -4 + 13 + -2 + -4.
4
What is 4 + -1 + (-1 - 2) - 5?
-5
0 + -2 + -1 + 0 + -1
-4
-2 - (-2 + (-5 - -7))
-2
Calculate -7 - (6 - 12) - (-8 + 0).
7
What is the value of -20 - -11 - 2 - -4?
-7
What is -1 + 6 + (7 - 9) + 8?
11
(-2 - 8) + (12 - -7)
9
What is the value of (-36 - -38) + -5 + 1?
-2
Calculate 4 + -1 - (3 + 0).
0
Evaluate (2 + -5 - (-5 - -2)) + -1.
-1
What is the value of -1 + (3 - 5) + -2?
-5
(3 - (1 - -6 - 6)) + 1
3
Evaluate 7 - 4 - 9 - -1.
-5
What is the value of -6 + (-2 + 1 - (-8 + 6))?
-5
0 + -8 - -4 - (0 + 0)
-4
Calculate (3 - (3 - 1)) + (-2 - -1).
0
What is the value of -16 + 3 + -8 + 16?
-5
Evaluate 13 - 6 - 3 - 2.
2
What is the value of -1 - (8 + (7 - 10))?
-6
Evaluate -5 + 8 + -2 + (2 - -1).
4
Calculate (2 - 4) + (-1 - 1) + 0.
-4
Calculate -8 + 9 + 7 + -4.
4
Calculate 0 - (6 + (0 - 5) - -1).
-2
Evaluate (0 - (3 + -4 + 3)) + 3.
1
Evaluate -9 - (-4 - (4 - (5 - 1))).
-5
What is -52 - -49 - (1 + -1 + -7)?
4
What is -2 + (2 - 5) + 2 - 0?
-3
Calculate -1 - 8 - -6 - -1 - 3.
-5
-3 - (-1 + -1 + -2)
1
Calculate 1 - (-6 + 6) - 2.
-1
What is -7 + -1 + 7 + (-23 - -22)?
-2
Calculate -2 + (3 - 0) + -3 + -1.
-3
What is the value of (2 - -1) + (16 - 8 - 13)?
-2
What is 3 - (2 + 2 - 1)?
0
What is (1 + -6 - -17) + (3 - 6)?
9
What is -5 + (17 - 4) + -9?
-1
What is (8 - (0 - 0)) + (19 - 23)?
4
Evaluate 1 - (2 - 6) - 4.
1
Evaluate 1 + -1 - 2 - -6.
4
Evaluate 2 + 0 - (11 - 6) - 0.
-3
What is the value of -4 + 2 + (4 - 3)?
-1
Evaluate -4 - ((-4 - (4 - -2)) + 4).
2
What is the value of -4 - -1 - (70 + -73)?
0
What is -1 - (0 - (2 + 0))?
1
0 - 0 - (1 + 4 + -10)
5
Calculate (-18 - (-6 - 10)) + 1 + 3.
2
Calculate -1 + 4 - (17 - 14).
0
-4 + (-4 - (1 + 1)) + 5
-5
What is the value of -8 - -7 - (3 - 0)?
-4
What is 2 - (2 + -6 + 1)?
5
0 + -3 + -2 + (7 - 1)
1
Evaluate -7 + (-7 - -2) - -5 - -9.
2
What is the value of 0 - 5 - (0 + 0 + 0)?
-5
Evaluate 29 - 21 - (3 - (-4 + 2)).
3
What is 12 + (11 - (35 - 3))?
-9
What is 2 + 0 + 0 + (-2 - -5)?
5
What is -10 + (-2 - 0) - -14?
2
What is -6 - (4 + (4 - 14)) - -4?
4
(4 - -1) + 0 + (-14 - -3)
-6
What is -3 + (14 - 3 - (2 - -2))?
4
Calculate (-9 - (1 + -1)) + -3 + 3.
-9
Calculate (0 - 0) + 3 + (78 - 81).
0
Evaluate 2 - ((-4 - -2) + -1).
5
Evaluate -2 + (4 + 1 - (2 + 3)).
-2
What is 4 + 3 + (-7 - -5)?
5
What is -3 - 2 - (14 - 25)?
6
What is the value of -9 - 6 - (-3 + -5)?
-7
3 + (-24 - -8) + 5
-8
What is the value of 13 + -6 + -2 + -4?
1
Evaluate -3 - (3 + -11 + 0 + 4).
1
3 - (-4 - -5 - 1)
3
Calculate -6 + (-9 - -9 - (-2 + 1)).
-5
What is the value of 4 + (-5 - (-2 - -5))?
-4
What is the value of -7 + -1 + 10 + -5?
-3
What is 2 - (0 + 4 - 4) - 3?
-1
-12 + 2 - (1 - 5)
-6
What is the value of (3 - (-8 + 6)) + -8?
-3
Calculate 10 + -16 + 8 + 2.
4
4 + -13 + (-6 + 4 - -6)
-5
What is -16 + 27 - (8 - 3)?
6
What is the value of -8 + 0 + 1 + 1 - -3?
-3
Calculate 4 - (-5 - -10) - 3.
-4
What is the value of -16 + -2 + 2 + 8?
-8
Calculate -2 + 8 + -2 + (0 - 0).
4
Calculate -2 + -8 + 12 + 3.
5
What is the value of -7 - (-8 - (1 + -8 + 12))?
6
What is the value of 9 - ((-4 - -16) + -5)?
2
Calculate (6 - 11) + 1 - (-3 - -1).
-2
What is 0 + 2 - 0 - (3 + -3)?
2
What is (-10 - -16) + -8 + -1?
-3
What is -4 + 3 + 1 - (-1 - -2)?
-1
What is the value of -4 - (6 - (-2 + 8))?
-4
Evaluate 3 + -5 + 6 + (0 - 0).
4
Calculate (0 - 1) + 1 - (63 + -62).
-1
Evaluate 4 - (9 + -2) - -2.
-1
What is the value of 8 + (-12 + -5 - -5)?
-4
What is -1 + (-1 - (3 - 7)) + 1?
3
What is the value of -2 + -2 - (4 + -1)?
-7
2 + 7 - (11 + -5)
3
-28 - (-6 + -3) - -11
-8
Evaluate -1 + 4 + -6 + 2.
-1
Evaluate 6 + (4 + -6 - 2) + 5.
7
5 - (7 + -5 + 1)
2
What is -16 + 6 - (-5 + 3)?
-8
Calculate 2 + 2 + 0 + 4.
8
Evaluate 1 + (-3 - -7 - 3).
2
3 + (6 + -6 - 6)
-3
What is -2 + (-1 - (2 - 2)) - -5?
2
-2 + (-14 - (-9 - 1))
-6
What is the value of -6 - (-2 + (8 - 4) - 15)?
7
0 + (-4 - 0) - (-1 - 3)
0
(6 + -3 + 2 - 13) + 6
-2
Calculate 33 - 36 - (-1 - 11).
9
What is -4 + -6 + (-1 - (4 - 11))?
-4
What is (-4 - (1 - 7)) + 1?
3
Evaluate -25 - -15 - -10 - (-1 + -8).
9
What is the value of 14 + -11 + 0 + 0 + 0?
3
(35 - 25) + (-5 - 0) - -2
7
(-3 - -4) + -5 + (3 - 2)
-3
Calculate 11 + (-2 + 5 - (5 - -4)).
5
Evaluate 10 - (2 + (5 - -5)).
-2
What is 4 - (2 + 0) - (8 - 3)?
-3
Calculate 10 + 6 + -12 + 6.
10
What is the value of -1 + -1 - -4 - (2 + 0)?
0
What is -11 + (2 - (-2 + 0)) - -2?
-5
What is -1 - (0 - 3 - -1 - 0)?
1
1 + 0 + -1 - (-18 + 22)
-4
Evaluate 70 + -79 + (-1 - -2).
-8
Evaluate -2 + -2 + 0 + -2 + 1.
-5
Calculate 0 + -3 + -5 + 3.
-5
(27 - 4) + -12 - 7
4
9 - 8 - (2 - (0 + 1))
0
-5 + (-4 - -3) - (9 - 16)
1
What is (-7 - (-12 + 1)) + (0 - 1)?
3
What is the value of (-4 - (0 - 4) - 1) + 9?
8
Calculate -4 + (-2 - -4) + 1.
-1
Evaluate 3 - (-7 - -3 - -3 - -5).
-1
(-6 - -1 - (-1 - 0)) + 2
-2
What is the value of (6 - (8 - (-6 + 12))) + -3?
1
What is the value of -85 + 80 + 1 + 9?
5
Calculate 5 + 7 + 2 + (-5 - -1).
10
Evaluate 4 - 0 - (12 - 19 - -3).
8
What is the value of 4 + (-2 - 6) + 4?
0
(4 + 4 - -1) + -7
2
Calculate -13 + 18 - (-3 - (3 + -16)).
-5
What is 11 + -10 + (12 - 8) + 4?
9
What is -10 + (-4 - (4 + -2 + -8))?
-8
Evaluate (1 + (4 - 6) - -10) + -2.
7
Calculate (-1 - (-3 + 4)) + 0.
-2
What is -1 - -4 - (-4 + 2)?
5
-60 + 64 - (3 - 7)
8
What is the value of (4 - -1) + -4 + 3?
4
Calculate -1 + 3 - (-1 + (-3 - -9)).
-3
Calculate 7 + (5 + -11 - -3).
4
Evaluate 1 + -2 + (5 - (-3 + 11)).
-4
What is the value of (6 - ((1 - -1) + 2)) + -1?
1
What is (-19 - -14) + -3 + 4 + 1?
-3
0 + (-3 - -5 - (1 + 2))
-1
-3 + 8 + (-1 - (-2 + 0))
6
Calculate (-1 + 2 - (6 - 1)) + 4.
0
What is the value of 9 + (1 - -2) + (-4 - 3)?
5
What is the value of -13 - -7 - (0 + -5)?
-1
Evaluate 5 - (-3 - (4 + -2 + -6)).
4
(5 - 11) + (0 - -6)
0
Calculate 8 + -16 + -1 - -2.
-7
Calculate -1 + -6 + (10 - 10).
-7
What is 4 - ((-3 - -4 - -3) + 0)?
0
Evaluate -1 + -3 + 4 + (1 - 1).
0
(0 - -9) + -6 + 1 + -8
-4
35 + -30 - (0 - -9)
-4
What is 2 + -4 - 2 - -6?
2
Calculate (-11 - (1 + -13)) + 6.
7
Evaluate (-2 - -3) + 6 - 2.
5
(-5 - (3 + -5 - 6)) + 2
5
What is the value of (7 - 10) + (7 - (-1 - -3))?
2
Evaluate 5 - (16 + -7 + 1 + 1).
-6
Calculate 4 + 3 + -11 + 5.
1
Calculate 3 + (0 + -3 - 0 - -2).
2
What is -3 + -1 + 1 + (-29 - -29)?
-3
What is the value of 5 - ((7 - (3 - 0)) + -3)?
4
What is 11 + (6 - 10) + -1 + -2?
4
Calculate 0 - 3 - (3 - 4 - -5).
-7
Calculate -1 + -6 + 5 + 6.
4
Calculate (4 - -1) + (-1 - (-5 + 2)).
7
Evaluate 2 + -1 + -3 + (12 - 5).
5
Calculate -10 + 5 + 3 + 0.
-2
What is the value of -1 - -1 - (9 - 7)?
-2
What is the value of (2 + -1 - 1) + 5?
5
What is (5 + -18 - -6) + 4?
-3
Calculate -1 + 5 - (3 - 2).
3
What is the value of -11 + 11 + -1 - (1 + 3)?
-5
What is -5 + 15 + -8 - 5?
-3
Evaluate 2 - (0 + 10 + (-3 - 3)).
-2
What is -1 - ((1 - -1) + -1 + 1)?
-3
Calculate 2 - ((-7 - (-4 - 7)) + -1).
-1
What is 10 + -5 + (4 - 3) + 0?
6
Evaluate 27 + -23 + -11 + -2 - -3.
-6
Calculate -1 + -2 + (5 - 1) + -4.
-3
(-4 - -2) + -8 + 9
-1
What is -2 - (8 + -8 + (1 - 8))?
5
Evaluate (4 - (-3 + 6)) + -6 - -10.
5
Evaluate 5 + (-4 - (-4 - -2)).
3
What is 2 + 2 + 1 + 0?
5
What is 1 - ((2 - 3) + -2)?
4
Evaluate 2 + (-1 - 3) + (0 - 2).
-4
What is the value of 4 - (-2 - 1 - (6 + -8))?
5
Evaluate 10 + (-6 - 4 - 4).
-4
What is (90 - 87) + (3 - (4 + -2))?
4
Calculate (-12 + 25 - 6) + -2 + 2.
7
What is the value of -12 - -6 - -5 - 4?
-5
Evaluate 13 + -20 + 15 + -1 + 0.
7
Evaluate 0 + (2 - (0 + 4)).
-2
(0 - (1 - 3) - 2) + 0
0
(1 - -1) + 4 + (-5 - 0)
1
(3 - -1 - 4) + (1 - 2)
-1
9 - (-1 + 1 - (64 - 68))
5
Evaluate -1 + (3 - (1 - 0)) - -2.
3
Calculate -31 - -9 - -11 - -5.
-6
249 + -237 - (13 - 1)
0
Evaluate -2 + 3 + -